[INFO] cloning repository https://github.com/iximeow/yaxpeax-core
[INFO] running `Command { std: "git" "-c" "credential.helper=" "-c" "credential.helper=/workspace/cargo-home/bin/git-credential-null" "clone" "--bare" "https://github.com/iximeow/yaxpeax-core" "/workspace/cache/git-repos/https%3A%2F%2Fgithub.com%2Fiximeow%2Fyaxpeax-core", kill_on_drop: false }`
[INFO] [stderr] Cloning into bare repository '/workspace/cache/git-repos/https%3A%2F%2Fgithub.com%2Fiximeow%2Fyaxpeax-core'...
[INFO] running `Command { std: "git" "rev-parse" "HEAD", kill_on_drop: false }`
[INFO] [stdout] 93241795c436073433f46712e12ad3edbf053634
[INFO] checking iximeow/yaxpeax-core against master#cfbc6d4cf1acbac5c025acf8ed68929caa551df3 for pr-75494-beta
[INFO] running `Command { std: "git" "clone" "/workspace/cache/git-repos/https%3A%2F%2Fgithub.com%2Fiximeow%2Fyaxpeax-core" "/workspace/builds/worker-3/source", kill_on_drop: false }`
[INFO] [stderr] Cloning into '/workspace/builds/worker-3/source'...
[INFO] [stderr] done.
[INFO] validating manifest of git repo https://github.com/iximeow/yaxpeax-core on toolchain cfbc6d4cf1acbac5c025acf8ed68929caa551df3
[INFO] running `Command { std: "/workspace/cargo-home/bin/cargo" "+cfbc6d4cf1acbac5c025acf8ed68929caa551df3" "read-manifest" "--manifest-path" "Cargo.toml", kill_on_drop: false }`
[INFO] started tweaking git repo https://github.com/iximeow/yaxpeax-core
[INFO] finished tweaking git repo https://github.com/iximeow/yaxpeax-core
[INFO] tweaked toml for git repo https://github.com/iximeow/yaxpeax-core written to /workspace/builds/worker-3/source/Cargo.toml
[INFO] crate git repo https://github.com/iximeow/yaxpeax-core already has a lockfile, it will not be regenerated
[INFO] running `Command { std: "/workspace/cargo-home/bin/cargo" "+cfbc6d4cf1acbac5c025acf8ed68929caa551df3" "fetch" "--locked" "--manifest-path" "Cargo.toml", kill_on_drop: false }`
[INFO] [stderr]     Blocking waiting for file lock on package cache
[INFO] [stderr]  Downloading crates ...
[INFO] [stderr]   Downloaded tracing-attributes v0.1.6
[INFO] [stderr]   Downloaded mach v0.1.2
[INFO] [stderr]   Downloaded tracing-core v0.1.8
[INFO] [stderr]   Downloaded tracing v0.1.11
[INFO] [stderr]   Downloaded proc-maps v0.1.5
[INFO] [stderr]   Downloaded libproc v0.3.2
[INFO] [stderr]   Downloaded siphasher v0.3.0
[INFO] [stderr]   Downloaded goblin v0.0.20
[INFO] [stderr]   Downloaded yaxpeax-x86 v0.1.2
[INFO] running `Command { std: "docker" "create" "-v" "/var/lib/crater-agent-workspace/builds/worker-3/target:/opt/rustwide/target:rw,Z" "-v" "/var/lib/crater-agent-workspace/builds/worker-3/source:/opt/rustwide/workdir:ro,Z" "-v" "/var/lib/crater-agent-workspace/cargo-home:/opt/rustwide/cargo-home:ro,Z" "-v" "/var/lib/crater-agent-workspace/rustup-home:/opt/rustwide/rustup-home:ro,Z" "-e" "SOURCE_DIR=/opt/rustwide/workdir" "-e" "CARGO_TARGET_DIR=/opt/rustwide/target" "-e" "CARGO_HOME=/opt/rustwide/cargo-home" "-e" "RUSTUP_HOME=/opt/rustwide/rustup-home" "-w" "/opt/rustwide/workdir" "-m" "1610612736" "--user" "0:0" "--network" "none" "rustops/crates-build-env@sha256:a636fd89d022f18117e1dc8fb37a0a009933cdbbe082814857f0e2024962d47c" "/opt/rustwide/cargo-home/bin/cargo" "+cfbc6d4cf1acbac5c025acf8ed68929caa551df3" "metadata" "--no-deps" "--format-version=1", kill_on_drop: false }`
[INFO] [stderr] WARNING: Your kernel does not support swap limit capabilities or the cgroup is not mounted. Memory limited without swap.
[INFO] [stdout] 52ee35ee2bf3523661339bb936b9f8fbac7b1e0fd81254aac75fe7d7455db2fe
[INFO] running `Command { std: "docker" "start" "-a" "52ee35ee2bf3523661339bb936b9f8fbac7b1e0fd81254aac75fe7d7455db2fe", kill_on_drop: false }`
[INFO] running `Command { std: "docker" "inspect" "52ee35ee2bf3523661339bb936b9f8fbac7b1e0fd81254aac75fe7d7455db2fe", kill_on_drop: false }`
[INFO] running `Command { std: "docker" "rm" "-f" "52ee35ee2bf3523661339bb936b9f8fbac7b1e0fd81254aac75fe7d7455db2fe", kill_on_drop: false }`
[INFO] [stdout] 52ee35ee2bf3523661339bb936b9f8fbac7b1e0fd81254aac75fe7d7455db2fe
[INFO] running `Command { std: "docker" "create" "-v" "/var/lib/crater-agent-workspace/builds/worker-3/target:/opt/rustwide/target:rw,Z" "-v" "/var/lib/crater-agent-workspace/builds/worker-3/source:/opt/rustwide/workdir:ro,Z" "-v" "/var/lib/crater-agent-workspace/cargo-home:/opt/rustwide/cargo-home:ro,Z" "-v" "/var/lib/crater-agent-workspace/rustup-home:/opt/rustwide/rustup-home:ro,Z" "-e" "SOURCE_DIR=/opt/rustwide/workdir" "-e" "CARGO_TARGET_DIR=/opt/rustwide/target" "-e" "CARGO_INCREMENTAL=0" "-e" "RUST_BACKTRACE=full" "-e" "RUSTFLAGS=--cap-lints=forbid" "-e" "CARGO_HOME=/opt/rustwide/cargo-home" "-e" "RUSTUP_HOME=/opt/rustwide/rustup-home" "-w" "/opt/rustwide/workdir" "-m" "1610612736" "--user" "0:0" "--network" "none" "rustops/crates-build-env@sha256:a636fd89d022f18117e1dc8fb37a0a009933cdbbe082814857f0e2024962d47c" "/opt/rustwide/cargo-home/bin/cargo" "+cfbc6d4cf1acbac5c025acf8ed68929caa551df3" "check" "--frozen" "--all" "--all-targets" "--message-format=json", kill_on_drop: false }`
[INFO] [stdout] cbfd7f6edf585aac5c92114129a4bc449b01433d7e9eea6226756b7d8d8b7cf5
[INFO] [stderr] WARNING: Your kernel does not support swap limit capabilities or the cgroup is not mounted. Memory limited without swap.
[INFO] running `Command { std: "docker" "start" "-a" "cbfd7f6edf585aac5c92114129a4bc449b01433d7e9eea6226756b7d8d8b7cf5", kill_on_drop: false }`
[INFO] [stderr]    Compiling unicode-xid v0.1.0
[INFO] [stderr]    Compiling libc v0.2.45
[INFO] [stderr]    Compiling serde v1.0.79
[INFO] [stderr]    Compiling num-traits v0.2.6
[INFO] [stderr]     Checking cfg-if v0.1.10
[INFO] [stderr]    Compiling proc-macro2 v1.0.6
[INFO] [stderr]    Compiling cc v1.0.26
[INFO] [stderr]    Compiling autocfg v0.1.1
[INFO] [stderr]    Compiling unicode-xid v0.2.0
[INFO] [stderr]    Compiling failure_derive v0.1.3
[INFO] [stderr]    Compiling syn v1.0.11
[INFO] [stderr]     Checking rustc-demangle v0.1.11
[INFO] [stderr]    Compiling nix v0.12.0
[INFO] [stderr]    Compiling yaxpeax-x86 v0.1.2
[INFO] [stderr]     Checking lazy_static v1.4.0
[INFO] [stderr]     Checking fixedbitset v0.1.9
[INFO] [stderr]     Checking ordermap v0.3.5
[INFO] [stderr]     Checking itoa v0.4.3
[INFO] [stderr]     Checking plain v0.2.3
[INFO] [stderr]     Checking bitflags v1.0.4
[INFO] [stderr]     Checking siphasher v0.3.0
[INFO] [stderr]     Checking log v0.4.6
[INFO] [stderr]     Checking tracing-core v0.1.8
[INFO] [stderr]    Compiling proc-macro2 v0.4.20
[INFO] [stderr]    Compiling scroll v0.9.2
[INFO] [stderr]    Compiling backtrace v0.3.13
[INFO] [stderr]     Checking petgraph v0.4.13
[INFO] [stderr]    Compiling quote v0.6.8
[INFO] [stderr]    Compiling backtrace-sys v0.1.26
[INFO] [stderr]    Compiling quote v1.0.2
[INFO] [stderr]    Compiling syn v0.15.9
[INFO] [stderr]     Checking termion v1.5.2
[INFO] [stderr]     Checking termios v0.2.2
[INFO] [stderr]    Compiling synstructure v0.10.1
[INFO] [stderr]     Checking serde_json v1.0.32
[INFO] [stderr]    Compiling serde_derive v1.0.79
[INFO] [stderr]    Compiling scroll_derive v0.9.5
[INFO] [stderr]     Checking failure v0.1.3
[INFO] [stderr]     Checking proc-maps v0.1.5
[INFO] [stderr]     Checking goblin v0.0.20
[INFO] [stderr]    Compiling tracing-attributes v0.1.6
[INFO] [stderr]     Checking tracing v0.1.11
[INFO] [stderr]     Checking yaxpeax-arch v0.0.4
[INFO] [stderr]     Checking yaxpeax-msp430 v0.0.5
[INFO] [stderr]     Checking yaxpeax-pic18 v0.0.3
[INFO] [stderr]     Checking yaxpeax-pic17 v0.0.3
[INFO] [stderr]     Checking yaxpeax-arm v0.0.4
[INFO] [stderr]     Checking yaxpeax-core v0.0.1 (/opt/rustwide/workdir)
[INFO] [stdout] error[E0433]: failed to resolve: use of undeclared type or module `AddressDiff`
[INFO] [stdout]   --> src/arch/x86_64/analyses/control_flow.rs:63:40
[INFO] [stdout]    |
[INFO] [stdout] 63 |         control_flow::Target::Relative(AddressDiff::from_const(0x12345678))
[INFO] [stdout]    |                                        ^^^^^^^^^^^ not found in this scope
[INFO] [stdout]    |
[INFO] [stdout] help: consider importing this struct
[INFO] [stdout]    |
[INFO] [stdout] 1  | use arch::AddressDiff;
[INFO] [stdout]    |
[INFO] [stdout] 
[INFO] [stdout] 
[INFO] [stdout] error[E0433]: failed to resolve: use of undeclared type or module `AddressDiff`
[INFO] [stdout]   --> src/arch/x86_64/analyses/control_flow.rs:71:40
[INFO] [stdout]    |
[INFO] [stdout] 71 |         control_flow::Target::Relative(AddressDiff::from_const(0x14))
[INFO] [stdout]    |                                        ^^^^^^^^^^^ not found in this scope
[INFO] [stdout]    |
[INFO] [stdout] help: consider importing this struct
[INFO] [stdout]    |
[INFO] [stdout] 1  | use arch::AddressDiff;
[INFO] [stdout]    |
[INFO] [stdout] 
[INFO] [stdout] 
[INFO] [stdout] error[E0412]: cannot find type `x86_64` in this scope
[INFO] [stdout]     --> src/arch/x86_64/semantic/specialized/loc_iter.rs:1542:17
[INFO] [stdout]      |
[INFO] [stdout] 1542 |     let inst = <x86_64 as Arch>::Decoder::default().decode([0x33u8, 0xc1].iter().map(|x| *x)).unwrap();
[INFO] [stdout]      |                 ^^^^^^ not found in this scope
[INFO] [stdout]      |
[INFO] [stdout] help: consider importing this struct
[INFO] [stdout]      |
[INFO] [stdout] 1    | use yaxpeax_x86::x86_64;
[INFO] [stdout]      |
[INFO] [stdout] 
[INFO] [stdout] 
[INFO] [stdout] warning: unused import: `data::LocIterator`
[INFO] [stdout]     --> src/arch/x86_64/semantic/specialized/loc_iter.rs:1543:9
[INFO] [stdout]      |
[INFO] [stdout] 1543 |     use data::LocIterator;
[INFO] [stdout]      |         ^^^^^^^^^^^^^^^^^
[INFO] [stdout]      |
[INFO] [stdout]      = note: `#[warn(unused_imports)]` on by default
[INFO] [stdout] 
[INFO] [stdout] 
[INFO] [stdout] warning: unused import: `Decoder`
[INFO] [stdout]     --> src/arch/x86_64/semantic/specialized/loc_iter.rs:1541:30
[INFO] [stdout]      |
[INFO] [stdout] 1541 |     use yaxpeax_arch::{Arch, Decoder};
[INFO] [stdout]      |                              ^^^^^^^
[INFO] [stdout] 
[INFO] [stdout] 
[INFO] [stdout] error: aborting due to 3 previous errors; 2 warnings emitted
[INFO] [stdout] 
[INFO] [stdout] 
[INFO] [stdout] Some errors have detailed explanations: E0412, E0433.
[INFO] [stdout] 
[INFO] [stdout] For more information about an error, try `rustc --explain E0412`.
[INFO] [stdout] 
[INFO] [stderr] error: could not compile `yaxpeax-core`.
[INFO] [stderr] 
[INFO] [stderr] To learn more, run the command again with --verbose.
[INFO] [stderr] warning: build failed, waiting for other jobs to finish...
[INFO] [stderr] error: build failed
[INFO] running `Command { std: "docker" "inspect" "cbfd7f6edf585aac5c92114129a4bc449b01433d7e9eea6226756b7d8d8b7cf5", kill_on_drop: false }`
[INFO] running `Command { std: "docker" "rm" "-f" "cbfd7f6edf585aac5c92114129a4bc449b01433d7e9eea6226756b7d8d8b7cf5", kill_on_drop: false }`
[INFO] [stdout] cbfd7f6edf585aac5c92114129a4bc449b01433d7e9eea6226756b7d8d8b7cf5
